7/p?
103
Let l(i) = -i**2 - 7*i + 9. Let w be l(-8). Suppose u - 13 = -w. List the prime factors of u.
2, 3
Suppose -2094 = -5*x - 2*i, 5*x - i = -4*i + 2091. Suppose 0*l = -6*l + x. What are the prime factors of l?
2, 5, 7
Suppose -5*x - 160 - 205 = 0. List the prime factors of 7 - 9 - (x - 0).
71
Let g = 12 - 8. Suppose g*d + 1 = -3. List the prime factors of (-60)/(-8) + d/(-2).
2
Suppose -4*v - 23*o = -19*o - 14880, 5*v = 2*o + 18586. List the prime factors of v.
2, 11, 13
Suppose -2*n - 14 = -10. Let v = 59 + n. What are the prime factors of v?
3, 19
Suppose 5*y - 1337 = 2398. What are the prime factors of y?
3, 83
Let q(w) be the first derivative of w**4/4 - 2*w**3 + 8*w + 4. Let h be q(6). Let j(l) = 2*l**2 - 11*l + 1. What are the prime factors of j(h)?
41
Let j(f) = -41*f - 2. Let a(m) = -m**2 - 12*m - 1. Let g be a(-12). What are the prime factors of j(g)?
3, 13
Suppose -2*c + 56 = 3*x + x, -124 = -3*c + 2*x. Let l = 96 - c. What are the prime factors of l?
2, 29
Let r(q) = 15*q**2 - 12*q + 43. List the prime factors of r(4).
5, 47
Suppose 0 = 5*a - 2*a. Suppose -6*k + 5*k + 2*v + 141 = a, 3*k = -2*v + 383. List the prime factors of k.
131
Suppose 8 = -2*d + 4*d. Suppose 42 - 266 = -d*l - 3*t, l - 2*t - 67 = 0. Let m = l - 35. What are the prime factors of m?
2, 3
Suppose 0 = -4*o + 5*h + 700, 0 = 3*o + 2*o + 2*h - 908. List the prime factors of o.
2, 3, 5
Let d(j) = 2*j + 13. Let c be d(-3). Suppose 162 + 209 = c*k. List the prime factors of k.
53
Let v(s) = 2*s**3 - 5*s**2 + 49*s + 11. List the prime factors of v(12).
5, 23, 29
Suppose -3*c - 90 = -4*c. Suppose 0 = 4*k - 2 + c. Let y = -8 - k. What are the prime factors of y?
2, 7
Suppose -4*p + 12 = -g + 3, -5*g - 5 = 0. Suppose w = -3*i + 186, 5*i - 303 = -p*w - 2*w. What are the prime factors of i?
3, 7
Let h be 2/14 - 2/14. Let k be -2 + (-1 - h) + 18. List the prime factors of k*(-2)/4*-6.
3, 5
Suppose -4*v + 1818 = -2038. List the prime factors of v.
2, 241
Suppose m + 2*y = -4, 0 = 3*m - 7*m - y + 5. Suppose -m*b = 2*b - 372. Suppose -r - b = -2*s, 2*s + r - 90 = -r. List the prime factors of s.
2, 23
Let i(l) = 37*l**2 - 51*l + 2. List the prime factors of i(5).
2, 3, 7
Let w(c) = c**2 - 2*c + 520. Let p be w(0). Suppose 0 = -5*t - 2*f + p, 0 = 2*f - 0*f. What are the prime factors of t?
2, 13
Let j be (1*-1)/(7/14). Let b = j - -4. Suppose b*l = -4*d - 3*l + 103, 0 = 3*l + 3. List the prime factors of d.
3
List the prime factors of (-2931714)/(-1377) - 2/34.
2129
Suppose -16*t - 48 = -14*t. Let w = 22 + t. List the prime factors of (153/(-1 + w))/(-1).
3, 17
Let q(a) be the first derivative of -4*a**4 - a**3/3 - a**2/2 - 10. Let l(n) = -n**3 - 3*n**2 - n. Let i be l(-1). What are the prime factors of q(i)?
2
Let r = -1153 + 1827. List the prime factors of r.
2, 337
Let g(r) = -r**3 + 4*r**2 + 6*r. Let o be g(5). List the prime factors of (-268)/(-10) + o/25.
3
Suppose 8*s - 3*s = -5*b + 30, 5*b - 4*s = -6. Suppose -8*z - b*z = -590. List the prime factors of z.
59
What are the prime factors of ((-2200)/176)/(1/(-2))?
5
Let m be 54/24 + 2/(-8). Suppose -3*v = -m*v, 4*v = -5*z - 140. What are the prime factors of (96/z)/4*-7?
2, 3
Suppose -37*y + 41*y = -2*t + 646, -5*t - 625 = -4*y. What are the prime factors of y?
2, 5
Suppose 9 = -3*k + 5*n, 5*n - 14 - 1 = 0. Suppose -1 = -s + 2, 2*s = k*m. Suppose 0*c = 5*c + m*w - 109, 2*w - 111 = -5*c. What are the prime factors of c?
23
Let q(n) = -3 + 4*n**2 - 12*n**3 + 0 + 2 - 2*n - 1. Let r be q(3). List the prime factors of r/(-10) + 8/20.
2, 3, 5
Let l(u) = -2*u - 1. Let i be 0/(-4 - 1/(-1)). Suppose -4*c + i - 8 = 0. List the prime factors of l(c).
3
Suppose 4*s - 5*k + 71 = 0, k + k - 34 = 2*s. Let w = -23 - s. Let j = w - -12. What are the prime factors of j?
3
Suppose -5*f + 1309 = -1. Let v = f + -107. Suppose -5*k + z + 121 = -v, -5*k + 5*z = -260. What are the prime factors of k?
2, 7
Suppose -8530*u + 8534*u - 1604 = 0. What are the prime factors of u?
401
Suppose 2*q + 3400 = 3*j, -51*q = -53*q + 8. What are the prime factors of j?
2, 71
Suppose -5*r = -175 - 230. Suppose r = -k + 206. List the prime factors of k.
5
Let g be (-1 - 4/3)/(5/(-90)). List the prime factors of -2*2 - (-7 - g).
3, 5
Let n be (-214)/(-30) + (-2)/15. Suppose -2*c + 5 = -n. Let i(t) = 2*t**2 - 2*t - 14. What are the prime factors of i(c)?
2, 23
Suppose 0 = 9*y - 4*y - 10. Suppose 3 - 3 = -p. Suppose p = -0*j + 2*j, 0 = y*w + 5*j - 68. List the prime factors of w.
2, 17
Let a(w) = 41*w + 24. Let h be a(6). Suppose 66 + h = 2*z. List the prime factors of z.
2, 3, 7
Suppose -5*q + 1158 = -3*q. List the prime factors of q.
3, 193
Let a(m) = -m**3 - 6*m**2 + 17*m. Let f be a(-12). Suppose 2*t - f = -4*s, -5*t + 174 = s - 0*t. List the prime factors of s.
2, 41
What are the prime factors of (-18 + 13)*(-19 + 0/2)?
5, 19
Let c = -41 - -25. List the prime factors of 24/2*(-12)/c.
3
What are the prime factors of ((-4096)/24)/((-2)/21)?
2, 7
Let m(c) = 2*c**2. Let t be m(-1). Suppose 4*o - q = 48, 0*o + 5*q + 42 = t*o. Let a = -7 + o. What are the prime factors of a?
2
Suppose -51*w + 55*w - 528 = 0. Let y = w - 69. What are the prime factors of y?
3, 7
Suppose -13*u + 5*u + 1600 = 0. List the prime factors of u.
2, 5
Let l(p) = -40*p + 105. List the prime factors of l(-7).
5, 7, 11
Suppose 35 = -2*j + 29. List the prime factors of ((648/21)/(-4))/(j/14).
2, 3
List the prime factors of 199717/515 - 2/(-1 - 9).
2, 97
Suppose n - 3*n = -5*a - 3788, -5*a + 5682 = 3*n. List the prime factors of n.
2, 947
Suppose 52*d + 14*d - 221298 = 0. What are the prime factors of d?
7, 479
Let x = 89 + -84. Suppose x*n + 2*r - 494 = 0, 0 = -2*n - n + 4*r + 312. List the prime factors of n.
2, 5
Suppose 0 = -3*o + 2*o + 4. Let a = 813 - 778. Suppose -3*i = -o*i + a. What are the prime factors of i?
5, 7
Let k = 608 + -127. List the prime factors of k.
13, 37
Suppose -j = i - 1 - 3, 3*i - 7 = 2*j. Suppose 3*x - 4*k = -1 + 315, 0 = 4*x - i*k - 414. Suppose u - x = -2*u. What are the prime factors of u?
2, 17
Suppose -60 = -5*u - 3*k, -5*u + 41 = -u + k. Let n = 1 + u. Let w = n - 3. What are the prime factors of w?
7
Suppose -5*l - 5*v + 15 = 0, 2*v + 29 = 3*l - 0. Suppose 4*x = l*x - 288. List the prime factors of x.
2, 3
Suppose -3*f + 7 - 1 = 0. Suppose 0*a + f*a - 48 = 0. What are the prime factors of a?
2, 3
Suppose 2*d = -5*f + 63 + 83, -5*d + 2*f + 336 = 0. Let n = d - 42. What are the prime factors of n?
2, 13
Let t = 9331 - 3881. List the prime factors of t.
2, 5, 109
Suppose -4*z = -291 + 7. Let k = z + 130. What are the prime factors of k?
3, 67
List the prime factors of (4 + 11464/(-24))*-3.
7, 29
Suppose 0 = 2*l + 3*j - 0*j - 204, -l = -j - 92. What are the prime factors of l?
2, 3
Suppose -120 = 5*d + i, 11 = -2*i + 1. Let r = d - -25. Suppose 3*p = -r*p + 225. What are the prime factors of p?
3, 5
Suppose 0 = 16*h - 17*h + 1290. List the prime factors of h.
2, 3, 5, 43
Let y = -10 + 13. Suppose 0 = 3*g + y*g + 36. Let k = 12 - g. What are the prime factors of k?
2, 3
Let a(v) = -v**2 - 10*v + 3. Suppose 4*t + 40 + 0 = 0. Let x be a(t). Suppose 7*g = x*g + 124. What are the prime factors of g?
31
Let f(l) = -7*l**3 - 10*l**2 - 17*l - 78. List the prime factors of f(-4).
2, 139
Suppose -3*o = -557 + 23. Suppose -186 = -7*h + o. What are the prime factors of h?
2, 13
Let v(t) = -t**2 + 8*t + 7. Let s be v(8). Suppose -s*j + 126 = -4*j. What are the prime factors of j?
2, 3, 7
Suppose 3*h - 4*n = -n - 3705, -2*h - 2474 = -4*n. List the prime factors of h*12/(-63) - 1/(-7).
5, 47
Let v(z) = 21*z + 3. Let x(u) = 21*u + 3. Let k(n) = 4*v(n) - 6*x(n). List the prime factors of k(-6).
2, 3, 41
Suppose -126 = 5*n + 29. Let p = n + 25. List the prime factors of -1 - (-40 - (p - -2)).
5, 7
Suppose -13 = m - 599. Let w = m + -346. What are the prime factors of w?
2, 3, 5
Let r(q) = 2*q - 4. Let o be r(4). Let d = -139 - -151. Let z = d - o. List the prime factors of z.
2
Suppose -20 = 2*x + 4. What are the prime factors of 1/(-3) + (-436)/x?
2, 3
Let b(o) = 11*o**2 - 34*o + 23. List the prime factors of b(12).
11, 109
Suppose 0 = 6*n - 2 - 28. Suppose -3*g = t - 64, 234 = -t + n*t + g. What are the prime factors of t?
2, 29
Suppose p - 78 = 4*i - 5*i, 3*i = 0. Suppose 